.
-6
What is 1 - 0 - (25 + -21)?
-3
Evaluate (5 - -5) + -14 + 7.
3
What is 1 + -11 - 0 - -17?
7
What is -1 - (1 - (2 - 1 - 3))?
-4
-4 + (9 - 6 - -7)
6
What is -4 + (-2 - (-12 - -5))?
1
What is the value of (-12 - -1) + 2 - (-27 + 29)?
-11
What is (-5 - 7 - 3) + 11?
-4
Calculate 10 + (-9 - 6) + 9.
4
What is -9 + 11 + -6 + 2 + 9?
7
10 + -2 - (6 + -2)
4
1 + (-4 + -5 + 4 - -8)
4
-6 + 3 + 4 + 2 + -1
2
Calculate -6 + (-3 - -1) + 4 - -6.
2
(-8 - -12) + 2 + -11
-5
-7 + (4 + -5 - (1 + -5))
-4
Evaluate (5 - 13) + 3 + -3 + 2.
-6
What is -8 + 14 + -9 + 3 + 3?
3
Evaluate 8 - 2 - 1 - (7 - -2).
-4
Calculate (0 - (-2 - 1)) + -5.
-2
(-2 - (4 + -2)) + 6 - -2
4
What is the value of (-4 - (-6 + (-6 - -5))) + -6?
-3
Evaluate -4 - 3 - (-2 - 2).
-3
Evaluate 3 + (-14 - (1 - 4)).
-8
What is the value of (-1 + -5 - -3) + 7?
4
Evaluate 19 - 24 - (-11 + 1) - 4.
1
What is (2 - -4) + (5 - 14)?
-3
-1 + 0 + 1 + -4
-4
2 + -1 - ((-6 - -10) + -4)
1
(-4 - -6) + -1 - 6
-5
Calculate -6 - -1 - 0 - -6.
1
Calculate 1 + -2 + -10 + 7.
-4
10 + 0 - 5 - 1
4
Calculate (-6 - -4) + 4 + -1 + 3.
4
What is (4 - 10 - -3) + -32 + 25?
-10
What is the value of (-3 + 0 - 1) + (20 - 8)?
8
1 + 0 - (-5 + (4 - -5))
-3
What is (-1 - -1) + (-3 - -3)?
0
What is the value of 1 - 0 - (-20 + 23)?
-2
Evaluate (1 - -1) + (6 - (1 - -3)).
4
Evaluate 2 - (13 + -11) - (2 - 6).
4
Calculate (-3 - (-2 - -1) - 1) + 2.
-1
Calculate 1 + (-3 - -5) - (-2 + 10).
-5
Calculate 0 + 1 + -9 + 5 + 1.
-2
Evaluate 2 - -1 - 5 - 3.
-5
Evaluate (11 + -11 - (1 + -2)) + -5.
-4
-20 + (8 - 10) - -13
-9
What is 3 + (-25 - -11) + 20?
9
4 - (1 + -1) - 5
-1
What is the value of 1 + -4 + (-1 - -4 - 6)?
-6
Calculate 3 - ((0 - (3 - 4)) + -2).
4
Calculate -1 + -10 - (-9 - -2).
-4
Evaluate -8 + (2 - -9) + 0.
3
Calculate -5 - (-3 + (1 - (-2 + 3))).
-2
5 + -1 + (0 - (0 + 4))
0
What is the value of -7 + (1 - 9 - -9) - -5?
-1
0 + -1 - (5 - 4)
-2
What is the value of -7 + 15 + -12 + 1?
-3
What is the value of 0 + 8 - (7 + -3)?
4
Calculate -5 + 1 + (-1 - 7) + 12.
0
Calculate 5 + (3 + -2 - 4).
2
Calculate -2 - -2 - ((0 - -4) + -5).
1
What is 0 - 7 - (-23 + 20 + -11)?
7
Evaluate -6 - (1 - 21 - (-78 + 72)).
8
0 + (-7 - (-4 - (0 - -7)))
4
0 + (-2 - (5 + -2))
-5
Evaluate 3 + (-3 - (3 + -4 + 1)).
0
Calculate (4 - (3 - 1)) + -3 + 3.
2
What is the value of (8 - 16) + 7 - (0 + 1)?
-2
What is 0 + (8 - (4 - 2))?
6
What is (-4 - 0) + 14 + -7?
3
What is 6 + -6 - -3 - (1 + -4)?
6
What is 0 + 1 - (5 - (-2 - -2))?
-4
Evaluate 6 + -9 + 19 - 9.
7
Evaluate (7 - -2) + 21 + -29.
1
(-14 - -5 - -10) + 2
3
What is 6 + (-2 - 6) + 9 + -2?
5
What is (2 - (-4 - -6)) + 2?
2
Calculate 3 - (0 - -3 - (-26 + 29)).
3
What is -3 + -4 + 1 + -6 - -3?
-9
What is the value of 1 + -6 + -3 - -5?
-3
What is the value of -2 - (-1 - (3 - (0 - 0)))?
2
-387 - -391 - ((0 - 1) + 12)
-7
Calculate -4 - (-8 + (-1 - 2)).
7
-1 + 7 + -1 + -1 + -3
1
What is the value of -3 + -1 + 7 - 2 - 4?
-3
What is the value of (5 - 9) + 1 - (0 - 4)?
1
What is the value of -3 - -2 - -5 - (1 + 2)?
1
What is the value of -2 - (2 + -4 + -5)?
5
Evaluate -2 - ((3 - 8) + 8).
-5
What is the value of 5 + (4 + -3 - 2)?
4
-7 + -11 - (-1 - 9)
-8
What is -1 - -2 - (-12 + 5 + 3)?
5
Calculate 0 + -1 + 2 - 3 - 1.
-3
Evaluate -8 - (-16 + 9 + (0 - 0)).
-1
What is -23 + 29 + (1 - 6)?
1
What is the value of -1 + 0 + -4 - (0 + -2)?
-3
4 + 1 + (-2 - 4) + 10
9
-3 - (-6 - -6 - (5 - 1))
1
Calculate (1 - -2) + (5 - (5 - 2)).
5
What is (13 - (-19 - -33)) + 5 + 1?
5
What is -2 + (13 + -1 - 13)?
-3
What is the value of 2 + 0 + 0 - (44 + -44)?
2
What is 0 + 2 + (1 - (2 - 5))?
6
What is -4 + 5 + 6 - (0 + 1)?
6
Evaluate (0 - 1) + 3 - 6.
-4
-19 + 17 + (4 - 4)
-2
What is -4 - (7 + -15) - (0 + 0)?
4
Evaluate (-7 - (0 - 3)) + 8.
4
Evaluate (2 - -1) + -6 - -5.
2
Evaluate (-1 - -3) + 6 + -3.
5
What is the value of -6 + 5 + (-3 - -3)?
-1
Evaluate 4 + -3 + (-2 - 1) - 3.
-5
What is the value of -18 - -12 - (-5 - 0) - -2?
1
What is the value of 11 - -2 - (4 + (15 - 13))?
7
What is the value of (-18 - -13) + (1 - -2)?
-2
Calculate 2 + -3 + 2 + -3.
-2
What is 10 + -34 + 13 + 17?
6
What is the value of 2 + -4 + 2 + (6 - 1)?
5
What is the value of -6 + -5 - -3 - -2?
-6
What is the value of -1 + -1 + (4 - 4) - -5?
3
-6 + 2 + 5 + -8 + -4
-11
What is the value of 7 - ((1 - (-4 - 2)) + 10)?
-10
Calculate -7 + (5 - (0 - 3)).
1
What is the value of -4 + -5 + 9 - (-3 + 1)?
2
0 + -2 - -7 - 6 - -3
2
8 - (15 + (6 - 12))
-1
Evaluate -4 + (-6 - ((-5 - -5) + -4)).
-6
What is 2 + 5 - (1 + (6 - 1))?
1
(-1 - -11) + (-2 - 5)
3
Calculate 1 + (-1 - -7) - 0.
7
Calculate (0 - -11) + 281 + -286.
6
What is (1 - 1) + 1 + 7 + -8?
0
Evaluate -20 + 21 - (3 + 0 + 0).
-2
What is the value of (0 - 3) + (4 - -2)?
3
-6 - (-8 - (5 + -13))
-6
Evaluate -6 - (-10 + 4 - -3).
-3
Calculate -2 + 2 - 2 - -2.
0
-14 + 16 + (-1 - 4) + 5
2
(-1 + -1 - (-2 + 2)) + -1
-3
What is the value of 60 - 54 - (2 - (-2 - -1))?
3
(11 - -14) + -14 - (-2 - -10)
3
2 + -5 - (-14 + 10)
1
(-2 - (5 - 7)) + 5
5
What is (10 + -14 - (-6 - -1)) + 4?
5
4 + (7 - 12) - 1
-2
What is 5 + (1 - (-1 + 5)) + 1?
3
Evaluate (8 - (13 - 3)) + 0.
-2
Calculate -6 - (5 - (-3 - -14)).
0
Evaluate (-1 + 1 - -5) + -3 + 0.
2
Evaluate 1 + -3 + 4 - -2 - 3.
1
(-2 - 12) + 12 + (5 - -1)
4
What is (8 - ((5 - 0) + 1)) + -7?
-5
What is the value of (-5 - -2) + 1 + (1 - 4)?
-5
Calculate (-1 - -1) + -7 + 3.
-4
What is 0 - 8 - (-5 - (-3 - -1))?
-5
(1 - 4) + 9 - 9
-3
Evaluate (6 - -1) + -11 - 2.
-6
What is the value of (1 - (-4 - -2)) + -3 + -1?
-1
Evaluate (-3 - 3) + (3 - (5 + -3)).
-5
What is the value of (-1 - (0 + -5 + 5)) + 2?
1
What is the value of (-2 - -1) + -4 - (-53 + 47)?
1
-2 + 1 + (0 + -6 - -2)
-5
(-2 - -3 - (9 + -10)) + -8
-6
-7 + 0 - (-14 + 6)
1
Evaluate 11 + -9 + -5 + 3.
0
What is the value of -14 + 20 - (-2 + 9)?
-1
What is -6 + (4 + 11 - 4)?
5
What is -2 + -2 + 9 + -10?
-5
What is 10 + (9 - 18) + (-1 - -7)?
7
Evaluate (5 - 0 - 3) + (-1 - -1).
2
What is the value of 12 - (-8 + 10) - 3?
7
What is the value of -3 + 7 + (-2 - -4) + -7?
-1
What is -14 + 14 - (5 + -7 + 9)?
-7
What is (-31 - -8 - -9) + 8?
-6
What is the value of 3 + -1 + 2 + 0?
4
Evaluate (1 - -1) + -6 + 5 + -6.
-5
Calculate 1 + -2 + (28 - 24).
3
Evaluate 6 - (0 - -2) - (-2 + 4).
2
What is 4 + -4 + -8 + 6?
-2
What is the value of -7 - (5 - 1) - -12?
1
What is -6 + -1 + 1 - (-129 + 124)?
-1
What is the value of -9 + 17 + (2 - (7 + -1))?
4
6 + -4 + 4 - 11
-5
What is the value of -3 - (-4 - (4 - (2 + -3)))?
6
What is -3 + (-3 - -5) + (2 - 6)?
-5
(8 - 3 - 8) + 5 + -3
-1
What is the value of 5 - (9 + (-13 - -10))?
-1
(-2 + 3 - 0) + (-1 - 0)
0
What is 3 + (1 - 5) - 1?
-2
What is the value of -2 + -1 + 2 + 1 - 2?
-2
What is the value of -4 - (1 - (3 + -3))?
-5
What is the value of -13 + (-13 - -8 - -14)?
-4
Evaluate 3 + (5 - (5 - 0) - 10).
-7
Calculate 3 + (0 - (0 - -3 - 1)).
1
Calculate -48 + 41 + (-3 - (-3 - 4)).
-3
Calculate 4 - (13 + -4 + 0).
-5
(4 + -2 - -3) + -1
4
What is the value of (-18 - -13) + 0 + 1 + -1?
-5
Evaluate 16 - 2 - (39 - 25).
0
Evaluate -1 - (-4 + 0 + 1 + 7).
-5
What is the value of -4 + (4 - -3) + -5 + -1?
-3
Calculate 8 - (5 + 4 + (0 - 4)).
3
Evaluate 17 + -27 + (1 - -4) + 10.
5
What is the value of 5 + -3 + 0 - (8 - 1)?
-5
-4 + -1 + 10 + -3
2
What is -8 + (-1 - -8 - 7) - -4?
-4
(-8 - -2) + (2 - -9)
5
5 - (-1 + -10 + 27)
-11
What is the value of -3 + (-4 - (-9 + 2))?
0
What is (-4 - -19 - (5 + 1)) + -5?
4
Evaluate 12 - 5 - 4 - (4 + 1).
-2
What is the value of 7 + -6 + (9 - 8) - -6?
8
Calculate (-9 - (-19 + -3)) + -7.
6
Calculate -2 + 0 + 3 - 0.
1
Calculate -4 + (-2 - 2 - (-7 + 2)).
-3
Calculate (-12 - -15) + -1 + 1.
3
What is (9 - 9) + 20 - 14?
6
What is 3 - -1 - (0 + (4 - -4))?
-4
2 - (2 + 4 + 19 + -18)
-5
Calculate (8 - (1 - -1)) + -1.
5
Evaluate (2 + 0 - 7) + 1.
-4
What is -3 + -4 - 5 - -6?
-6
What is the value of 25 + -23 - (-8 + 2)?
8
What is the value of -4 + 3 + (2 - 1) + -3?
-3
-5 - (4 - (2 + 1)) - -2
-4
Evaluate 1 + (0 - -2) - (23 + -13).
-7
(-2 - 1) + -37 + 45
5
Evaluate 7 + (5 - 7 - 0).
5
What is the value of 3 + 0 - (3 + 1)?
-1
What is the value of (1 - 4) + 10 + -2 + -6?
-1
Calculate 32 + -41 - (0 + -2).
-7
Evaluate 2 - (6 + -3 - 4).
3
2 - 8 - (-10 + 1)
3
What is the value of (2 - ((0 - 0) + -1)) + 2?
5
-5 + 0 - -1 - -9
5
Calculate (-1 + -3 - (-34 - -31